uppose 3*g + 79 = l, 5*l + 2*g = 3*l + 126. Calculate the remainder when l is divided by 18.
13
Let o be ((-21)/(-2))/((-4)/192). Calculate the remainder when 27 is divided by (-3)/(-5) + o/(-35).
12
Suppose 0*m - 5*d = 3*m - 70, -4*m = 2*d - 84. Suppose m = z + 5. Suppose 57 = 4*j - z. What is the remainder when j is divided by 5?
3
Let x(c) = c**2 - 8*c - 5. Let g = 13 - 7. Calculate the remainder when x(10) is divided by g.
3
Suppose -4*f + 7*f - 6 = 0. Suppose b + f*b = 0. Suppose -5*m + 29 + 41 = b. What is the remainder when 40 is divided by m?
12
Let s(o) = o**3 - 3*o**2 + 3. Let w be s(3). Suppose w*r - 3 = 0, -2*m + 7*r + 65 = 4*r. Calculate the remainder when m is divided by 12.
10
Suppose -2*n - 20 = t + 5, -3*n = 12. Let r = t - -24. Let j(b) = -5*b - 3. Calculate the remainder when j(-6) is divided by r.
6
Let t = -4 - -7. Let n(i) = 2*i**3 - 2*i**2 + i. What is the remainder when n(t) is divided by 10?
9
Suppose -2*a - 9 + 43 = 0. What is the remainder when a is divided by 6?
5
Suppose -d + 3*w = -93, -4*w + 154 = 5*d - 273. What is the remainder when d is divided by 22?
21
Let t(o) = o**3 + 8*o**2 + 4*o + 1. Let y = 14 + -8. What is the remainder when t(-7) is divided by y?
4
Suppose 45 = 6*t - 51. Calculate the remainder when 74 is divided by t.
10
Let c(p) = -p**2 + 8*p + 2. Let a be 378/45 - 4/10. What is the remainder when c(a) is divided by 2?
0
Suppose 4*n = -3*f - n - 9, 0 = -4*f + 3*n - 41. Let b = 0 - f. Let p = 8 - 3. Calculate the remainder when b is divided by p.
3
Let b(n) = -n**3 + 4*n**2 + 6*n + 10. Suppose -z + 6*z = 40. Let k be b(z). What is the remainder when k/(-4) + 2/4 is divided by 17?
16
Suppose l = -5*k + 26, -5 - 127 = -3*l + 3*k. Let n = -426 + 440. Calculate the remainder when l is divided by n.
13
What is the remainder when ((-10)/(-3))/(-5) - (-1028)/12 is divided by 19?
9
Let v(s) = -65*s + 8. What is the remainder when v(-3) is divided by 52?
47
Let b = 24 + -11. What is the remainder when 23 is divided by b?
10
Let p = 15 + -11. Suppose 4*q + 2*x = 86, 0 = -p*q + 7*q - 3*x - 42. What is the remainder when 35 is divided by q?
16
Suppose 2*o = -2*v + 36, -5*o + 11 - 29 = -v. Suppose 3*h = 2*x - 155, 3*h - 103 - 92 = -3*x. What is the remainder when x is divided by v?
16
Let m(a) be the second derivative of -a**3/6 - a**2/2 + 2*a. Calculate the remainder when 2 is divided by m(-3).
0
Suppose -4*a - 60 = 5*m, -3*m - 75 = 5*a + m. What is the remainder when 46 is divided by (-249)/(-15) - (-9)/a?
14
Let k(l) = l + 4 + 2*l - 2*l. Let r be k(4). Let u = r + -5. Calculate the remainder when 3 is divided by u.
0
Let a(g) = g**2 - 2. Let q be a(-2). Let m(d) = d - 3. What is the remainder when q/8 + (-460)/(-16) is divided by m(11)?
5
Suppose 4*x = -0*x + 12. Suppose 4*r - 145 + 38 = 5*s, 4*r - 117 = x*s. Calculate the remainder when r is divided by (-2)/(-4) + (-66)/(-4).
16
Let q = -8 + 8. Suppose 5*a - 94 = 2*d, 3*a + q*d - 50 = -2*d. What is the remainder when a is divided by 5?
3
Suppose -4*r + 107 - 27 = 0. Let v = 33 - r. What is the remainder when 24 is divided by v?
11
Let w = 51 - 36. What is the remainder when 132 is divided by w?
12
Let u = 10 + 9. What is the remainder when 92 is divided by u?
16
Calculate the remainder when -2 + 1 - 40/(-1) is divided by 9/(-6) + 43/2.
19
Suppose 4*r = -817 - 8443. Let q = r - -1323. What is the remainder when (2/(-8))/(8/q) is divided by 8?
7
Suppose -q + 3*u - 13 = 0, u - 10 = -u. Calculate the remainder when (q/(-6))/(11/(-1914)) is divided by 10.
8
Let f(u) = u**2 - 13*u + 40. Calculate the remainder when 15 is divided by f(9).
3
Let l = 4 + 7. Calculate the remainder when 41 is divided by l.
8
Let z(h) = -h**2 + 11*h - 6. Calculate the remainder when 34 is divided by z(9).
10
Let n be ((-4)/2)/(2 + -4). Calculate the remainder when 22 is divided by 5 + 4 + (0 - n).
6
Suppose -4*m + 62 + 14 = 0. What is the remainder when 54 is divided by m?
16
Suppose 4*u + u = -t - 10, 2*t = -2*u - 12. Let m = 3 + u. Suppose 2*a - 2*q = 3*a - 60, -m*q = 4*a - 210. What is the remainder when a is divided by 17?
16
Let v be (-2)/(-14) + 169/91. Suppose -f = -2*w + 9, 0 = 4*w - v*w + 5*f - 27. Calculate the remainder when 35 is divided by w.
5
Suppose -12*d + 11*d = -24. Suppose 0 = -4*x - 0 + 20. Calculate the remainder when d is divided by x.
4
Let q(h) = h**3 + 7*h**2 + 5*h + 9. Calculate the remainder when q(-6) is divided by 7/1 - 3/(-3).
7
Let v be (10 - 0)/(1 - 0). Let p(a) = -a**3 + 10*a**2 + 11. What is the remainder when p(v) is divided by 7?
4
Suppose h + 0*h - 49 = 2*m, -2*h + 92 = -m. Calculate the remainder when h is divided by 33.
12
Suppose 3*v - 2*i - 2 = -0*v, v - 4*i = -6. Suppose -a + 111 = v*a. Calculate the remainder when a is divided by 10.
7
Let f(l) = l - 10. Let w be f(8). Calculate the remainder when 38 is divided by -1*(w - 22/2).
12
Suppose -4*d + 14 = 5*w, 4*w = -2*d + 5*w. Calculate the remainder when 8 is divided by (1 + 2)*d/1.
2
Suppose 3*y - 15 = 15. Calculate the remainder when ((-28)/10)/(-5 + (-865)/(-175)) is divided by y.
9
Let h(i) = -i**3 + 6*i**2 - 2*i + 2. What is the remainder when h(5) is divided by 6?
5
Let v(j) = -2 + 0 - 5*j + 2 + 3. What is the remainder when 25 is divided by v(-2)?
12
Let y(s) = -s**2 - 12*s + 30. Calculate the remainder when y(-9) is divided by 20.
17
Suppose -5*f + 26 + 9 = 4*j, 3*f = -2*j + 19. Calculate the remainder when 9 is divided by j.
4
Suppose 2*j = -3*c + 55, 3*c + 31 = 5*j - 54. Suppose z + z - j = 0. What is the remainder when 8 is divided by ((-6)/z)/(2/(-10))?
2
Let h(j) be the first derivative of -j**3/3 - 7*j**2/2 + 14*j - 5. What is the remainder when h(-7) is divided by 4?
2
Let p(o) = -o**3 + 16*o**2 + 21*o - 14. What is the remainder when p(17) is divided by 11?
10
Suppose 3*i - 4*i - 3 = 0, -5*b = 2*i - 139. Let c(q) = -4*q + 84. Calculate the remainder when b is divided by c(19).
5
Let g(v) = 5*v**2 + 2*v + 1. Let r be g(-1). Suppose 2*i + 4*b = 48, -i + 3*b = r*i - 120. What is the remainder when 71 is divided by i?
23
Let l(b) = 2*b - 6. Let i be l(7). Let j = i - 4. Suppose j*v - 17 = 3*v. What is the remainder when v is divided by 5?
2
Suppose -2*w - 14 + 66 = 0. What is the remainder when w is divided by 9?
8
Let p(y) = y**3 + 12*y**2 - 14*y + 11. Suppose 2*j + 13 = j. Let h be p(j). Let l = h - 11. Calculate the remainder when l is divided by 7.
6
Suppose -j = 4*j - 50. Suppose -j = 3*d - 40. Calculate the remainder when 37 is divided by d.
7
Let r be 1 + (-2)/(-1 + 0). Suppose -r*p + 64 = -5. What is the remainder when p is divided by 8?
7
Suppose 0 = 2*r - 3*r + 6. Let y(i) = i**2 - 8*i + 8. Let t be y(r). Calculate the remainder when 16 - 1 - (3 + t) is divided by 9.
7
Let a be 2/2*1650/(-10). Let f = -87 - a. Calculate the remainder when f is divided by 27.
24
Let b = 11 - 6. Suppose b*a = 80 + 30. Suppose -4*y - p + 4*p + 35 = 0, 5*y - 4*p = 44. What is the remainder when a is divided by y?
6
Let n(p) = -18*p - 3. Let m be n(1). Calculate the remainder when 34 is divided by (-7)/m + (-26)/(-3).
7
Suppose 4*d - 28 = -3*h, 2*d + 3*d = h + 16. What is the remainder when d is divided by 4/(-10) - 24/(-10)?
0
Suppose -4 = v - 5. Suppose -31 - v = -2*o. Let q = 71 - 25. Calculate the remainder when q is divided by o.
14
Let u = 1 + 14. Let y(f) = -2*f**3 - 15*f**2 + 4*f - 3. What is the remainder when y(-8) is divided by u?
14
Suppose t + 0*t - 27 = 0. Let j be (t/4)/((-3)/(-8)). Let z = 34 - j. Calculate the remainder when z is divided by 6.
4
Let i = 520 - 223. Calculate the remainder when 20 is divided by (4/(-6))/((-18)/i).
9
Let d(n) = -n**3 - 21*n**2 - 2*n - 26. Calculate the remainder when 62 is divided by d(-21).
14
Let h = 0 + 3. What is the remainder when 10 is divided by h?
1
Let w = 12 + -4. Calculate the remainder when ((-2)/(-1))/((-7)/(-77)) is divided by w.
6
Suppose 0 = 2*m - 4 - 28. Let j(t) = -5*t - 9. Let y be (-6)/(-27) - 148/18. Calculate the remainder when j(y) is divided by m.
15
Suppose 0 = -y - 3*y. Suppose 0 = 4*f + z - 37 - 21, -2*f + z + 26 = y. Calculate the remainder when f is divided by 3/(-2)*(-40)/12.
4
Suppose -2*k + 3 = 5*w + 14, 0 = 3*k + 4*w + 6. What is the remainder when (-22)/(-2 + 2 - k) is divided by 3?
2
Let t(g) = 39*g + 14. Let